{"id":25992468,"date":"2024-05-20T19:58:25","date_gmt":"2024-05-20T17:58:25","guid":{"rendered":"https:\/\/hgm-rack.at\/produkt\/mise-a-niveau-du-panneau-arriere\/"},"modified":"2025-06-09T14:48:56","modified_gmt":"2025-06-09T12:48:56","slug":"mise-a-niveau-du-panneau-arriere","status":"publish","type":"product","link":"https:\/\/hgm-rack.at\/fr\/produit\/mise-a-niveau-du-panneau-arriere\/","title":{"rendered":"Mise \u00e0 niveau du panneau arri\u00e8re"},"content":{"rendered":"<p>Panneau arri\u00e8re en option pour toutes les Ford et VW Flexi 250 Flexi 300 et Flexi 325 (sur l&rsquo;I.D Buzz, il est d\u00e9j\u00e0 inclus). <\/p>\n<p>Le panneau arri\u00e8re est viss\u00e9 en haut de la derni\u00e8re traverse.<\/p>\n<p>Livr\u00e9 avec des caches dans la d\u00e9coupe du phare.<\/p>\n<p><strong>Phare non inclus !<\/strong><\/p>\n","protected":false},"excerpt":{"rendered":"<p><strong>Donnez \u00e0 votre kit de support de toit Flexi ce petit plus avec notre panneau arri\u00e8re !<\/strong><\/p>\n","protected":false},"featured_media":25992481,"comment_status":"open","ping_status":"closed","template":"","meta":{"_acf_changed":false,"_et_pb_use_builder":"","_et_pb_old_content":"","_et_gb_content_width":""},"product_brand":[],"product_cat":[1012,1034,1038,1029,1040,1473,1030,1039,1479,1033,1037,1032,1036,1031,1035,1018,1020,1019],"product_tag":[],"class_list":{"0":"post-25992468","1":"product","2":"type-product","3":"status-publish","4":"has-post-thumbnail","6":"product_cat-barres-de-toit","7":"product_cat-fiat-fr","8":"product_cat-fiat-talento-fr","9":"product_cat-ford-fr","10":"product_cat-ford-tourneo-custom-fr","11":"product_cat-ford-tourneo-custom-a-partir-de-2024","12":"product_cat-ford-transit-fr","13":"product_cat-ford-transit-custom-fr","14":"product_cat-ford-transit-custom-a-partir-de-2024-fr","15":"product_cat-nissan-fr","16":"product_cat-nissan-nv300-fr","17":"product_cat-opel-fr","18":"product_cat-opel-vivaro-fr","19":"product_cat-renault-fr","20":"product_cat-renault-trafic-fr","21":"product_cat-vw-fr","22":"product_cat-vw-t5-fr","23":"product_cat-vw-t6-fr","24":"product_shipping_class-classe-dexpedition-medium","26":"first","27":"instock","28":"taxable","29":"shipping-taxable","30":"purchasable","31":"product-type-simple"},"acf":[],"gallery_images":[25992482],"_links":{"self":[{"href":"https:\/\/hgm-rack.at\/fr\/wp-json\/wp\/v2\/product\/25992468","targetHints":{"allow":["GET"]}}],"collection":[{"href":"https:\/\/hgm-rack.at\/fr\/wp-json\/wp\/v2\/product"}],"about":[{"href":"https:\/\/hgm-rack.at\/fr\/wp-json\/wp\/v2\/types\/product"}],"replies":[{"embeddable":true,"href":"https:\/\/hgm-rack.at\/fr\/wp-json\/wp\/v2\/comments?post=25992468"}],"wp:featuredmedia":[{"embeddable":true,"href":"https:\/\/hgm-rack.at\/fr\/wp-json\/wp\/v2\/media\/25992481"}],"wp:attachment":[{"href":"https:\/\/hgm-rack.at\/fr\/wp-json\/wp\/v2\/media?parent=25992468"}],"wp:term":[{"taxonomy":"product_brand","embeddable":true,"href":"https:\/\/hgm-rack.at\/fr\/wp-json\/wp\/v2\/product_brand?post=25992468"},{"taxonomy":"product_cat","embeddable":true,"href":"https:\/\/hgm-rack.at\/fr\/wp-json\/wp\/v2\/product_cat?post=25992468"},{"taxonomy":"product_tag","embeddable":true,"href":"https:\/\/hgm-rack.at\/fr\/wp-json\/wp\/v2\/product_tag?post=25992468"}],"curies":[{"name":"wp","href":"https:\/\/api.w.org\/{rel}","templated":true}]}}

Mise à niveau du panneau arrière

<p>Panneau arrière en option pour toutes les Ford et VW Flexi 250 Flexi 300 et Flexi 325 (sur l&rsquo;I.D Buzz, il est déjà inclus). </p>
<p>Le panneau arrière est vissé en haut de la dernière traverse.</p>
<p>Livré avec des caches dans la découpe du phare.</p>
<p><strong>Phare non inclus !</strong></p>

<p><strong>Donnez à votre kit de support de toit Flexi ce petit plus avec notre panneau arrière !</strong></p>
